{"id":543,"date":"2016-04-20T20:50:10","date_gmt":"2016-04-20T18:50:10","guid":{"rendered":"http:\/\/www.pgdig.si\/?page_id=543"},"modified":"2023-04-25T15:37:54","modified_gmt":"2023-04-25T13:37:54","slug":"vozila","status":"publish","type":"page","link":"https:\/\/www.pgdig.si\/?page_id=543","title":{"rendered":"Vozila"},"content":{"rendered":"<p><img loading=\"lazy\" class=\"size-medium wp-image-1503 aligncenter\" src=\"http:\/\/www.pgdig.si\/wp-content\/uploads\/2017\/03\/Optimized-IMG_0909-400x300.jpg\" alt=\"\" width=\"400\" height=\"300\" srcset=\"https:\/\/www.pgdig.si\/wp-content\/uploads\/2017\/03\/Optimized-IMG_0909-400x300.jpg 400w, https:\/\/www.pgdig.si\/wp-content\/uploads\/2017\/03\/Optimized-IMG_0909-768x576.jpg 768w, https:\/\/www.pgdig.si\/wp-content\/uploads\/2017\/03\/Optimized-IMG_0909-350x263.jpg 350w, https:\/\/www.pgdig.si\/wp-content\/uploads\/2017\/03\/Optimized-IMG_0909-160x120.jpg 160w, https:\/\/www.pgdig.si\/wp-content\/uploads\/2017\/03\/Optimized-IMG_0909.jpg 933w\" sizes=\"(max-width: 400px) 100vw, 400px\" \/><\/p>\n<p>Prostovoljno gasilsko dru\u0161tvo Ig ima v svojih gara\u017eah 6 razli\u010dnih gasilskih vozil in eno prikolico. Dve vozili sta last gasilske zveze Ig ostala \u0161tiri vozila pa so last dru\u0161tva. Z voznim parkom lahko zagotovimo ob\u010danom in ob\u010dankam hitro in varno posredovanje v primeru intervencije. Na\u0161 vozni park je sestavljen iz:<\/p>\n<p style=\"text-align: left;\"><a href=\"http:\/\/www.pgdig.si\/?page_id=531\">VOZILO 1 (GVM-1)<\/a><\/p>\n<p style=\"text-align: left;\"><a href=\"http:\/\/www.pgdig.si\/?page_id=530\">VOZILO 2 (GVC 16\/25)<\/a><\/p>\n<p style=\"text-align: left;\"><a href=\"http:\/\/www.pgdig.si\/?page_id=519\">VOZILO 3 (GVC 24\/50)<\/a><\/p>\n<p style=\"text-align: left;\"><a href=\"http:\/\/www.pgdig.si\/?page_id=532\">VOZILO 4 (GVGP 2)<\/a><\/p>\n<p><a href=\"http:\/\/www.pgdig.si\/?page_id=575\">VOZILO 5 (GV-1 TAM)<\/a><\/p>\n<p><a href=\"http:\/\/www.pgdig.si\/?page_id=534 \">GASILSKO VOZILO ZVEZE (GVZ-1)\u00a0 \u00a0\u00a0<\/a><\/p>\n","protected":false},"excerpt":{"rendered":"<p>Prostovoljno gasilsko dru\u0161tvo Ig ima v svojih gara\u017eah 6 razli\u010dnih gasilskih vozil in eno prikolico. Dve vozili sta last gasilske zveze Ig ostala \u0161tiri vozila pa so last dru\u0161tva. Z <a class=\"more-link\" href=\"https:\/\/www.pgdig.si\/?page_id=543\">Prika\u017ei ve\u010d\u2192<\/a><\/p>\n","protected":false},"author":1,"featured_media":0,"parent":0,"menu_order":0,"comment_status":"closed","ping_status":"closed","template":"","meta":[],"_links":{"self":[{"href":"https:\/\/www.pgdig.si\/index.php?rest_route=\/wp\/v2\/pages\/543"}],"collection":[{"href":"https:\/\/www.pgdig.si\/index.php?rest_route=\/wp\/v2\/pages"}],"about":[{"href":"https:\/\/www.pgdig.si\/index.php?rest_route=\/wp\/v2\/types\/page"}],"author":[{"embeddable":true,"href":"https:\/\/www.pgdig.si\/index.php?rest_route=\/wp\/v2\/users\/1"}],"replies":[{"embeddable":true,"href":"https:\/\/www.pgdig.si\/index.php?rest_route=%2Fwp%2Fv2%2Fcomments&post=543"}],"version-history":[{"count":34,"href":"https:\/\/www.pgdig.si\/index.php?rest_route=\/wp\/v2\/pages\/543\/revisions"}],"predecessor-version":[{"id":2389,"href":"https:\/\/www.pgdig.si\/index.php?rest_route=\/wp\/v2\/pages\/543\/revisions\/2389"}],"wp:attachment":[{"href":"https:\/\/www.pgdig.si\/index.php?rest_route=%2Fwp%2Fv2%2Fmedia&parent=543"}],"curies":[{"name":"wp","href":"https:\/\/api.w.org\/{rel}","templated":true}]}}